 - (-1 - -2)) + -5 - -12.
8
Evaluate -22 + 14 + -30 + 33.
-5
What is -9 + 16 + (-5 - (7 + -5)) + -30?
-30
Calculate -12 - (-3 + -7) - (-4 - 0).
2
What is the value of (-22 - 1) + 21 - -13?
11
Evaluate 33 + 7 + (-22 - -7) - -4.
29
What is the value of (7 + -5 - 2 - -4) + (-7 - 2)?
-5
Calculate 169 + -169 + (7 + -3 - 10).
-6
What is 2 - 9 - (-4 + 12 + (-4 - 5))?
-6
What is 20 - 0 - (-307 + 335)?
-8
16 - (30 - 19 - (12 - 2))
15
What is the value of (-3 - (0 - (-5 - -8))) + 22 + -23?
-1
Calculate 52 + -18 + -28 + -23 + 0.
-17
What is the value of 5 + (-2 - -1 - -8) + -11?
1
Evaluate -26 + 24 + -5 + -2 + 8.
-1
Evaluate (1 + -5 - -14) + (-39 - -33).
4
Evaluate -9 + 16 + 6 + 2 - 16.
-1
What is the value of (-2 - -7) + -7 - (-21 - (-5 - 5))?
9
What is -1 - (-6 - ((5 - 1) + -12)) - 3?
-6
-9 - (-1 - 22 - (-162 - -152))
4
What is the value of 0 + -2 + 24 + (-22 - -16)?
16
What is the value of (7 - 23) + (-22 - (22 - 34))?
-26
Calculate 1 + 6 + (0 - 7).
0
6 - (7 - (7 - (1 - -2 - -5)))
-2
Evaluate -25 - (-27 - -31 - 6).
-23
Calculate -5 + 1 + -3 + (73 - 89).
-23
-9 + 9 + (-3 + 0 - -5 - 2)
0
Calculate (2 - -2) + (-776 - -741).
-31
Calculate (1 - 24) + 3 + -50 + 58.
-12
-7 + -2 - (-16 - -3) - (2 - 6)
8
What is 2 + (-17 - (-18 - -4))?
-1
Calculate -1 + (2 + -3 - 11) + 7 - -6.
0
(-46 - -28) + 17 - (9 + -3)
-7
What is (-2 - 4) + -3 + 3 + 14?
8
Calculate -14 + 10 + -7 + 15.
4
What is (7 - 1) + -37 + 19 + 2 + 40?
30
Evaluate 6 - (14 - -2 - (-1 - (0 + -6))).
-5
What is 7 + -5 + -1 + 44 + (25 - 36)?
34
Evaluate -7 - (((-15 - 8) + 1 - -5) + 4).
6
Calculate -16 - 0 - ((-27 - -39) + -21).
-7
Evaluate 0 + -10 - (-24 + (-4 - -42)).
-24
Evaluate 18 + (25 - 62) - -19.
0
Evaluate -17 - (9 - (12 + -17) - 12).
-19
What is 23 - (-2 - -10) - 3?
12
Calculate 5 + (20 - (-5 + 12)).
18
Calculate 21 - (6 + -10 + 16 - 11).
20
Evaluate -3 - (-78 + 74 + (3 - 1)).
-1
Evaluate -7 + 0 - (-5 + -7 - -18).
-13
Calculate 11 + -11 - 5 - ((-5 - -18) + 3).
-21
What is (19 + -56 - (8 + -27)) + (-1 - -5)?
-14
What is 1 + -15 + 13 + (-16 - -4 - -2)?
-11
What is 8 + (3 - (-5 + 20)) + (2 - -1)?
-1
What is 1 - (14 + -21 + -1 + 12)?
-3
What is (671 - 628) + -2 + -51?
-10
(3 - 7) + -4 + -3 + 3 - 1
-9
Evaluate 10 + (-1 - 0) - 0 - -3.
12
Calculate (0 - -4) + -4 + 36 + -29 + -34.
-27
Calculate 0 - (0 - 15) - ((-31 - -16) + 15).
15
Calculate 1 - 0 - 1 - (2 + -39 + 38).
-1
Evaluate -1 + -6 + -2 + 0 + 7.
-2
What is the value of (-13 + (4 - 21) - -18) + (-1 - 0)?
-13
What is the value of -1 + (-32 - -30) + (-8 - -2)?
-9
-16 + 10 + -7 + -5 + 4 + -2
-16
What is -1 + -4 + 10 - (4 + 3 - -3)?
-5
-80 + 87 - (19 - 3)
-9
Calculate (-9 - (-1 + 4 - (-3 + 7))) + 0.
-8
What is 5 - ((5 - 5 - -2) + 15 + -4)?
-8
3 + -13 + -6 + 4
-12
What is the value of 21 + -39 - (-8 + (3 - 6))?
-7
11 - (-7 - -5 - -19)
-6
What is the value of -5 + 28 + (-12 - 5)?
6
Calculate (18 - ((-10 - -9) + 12)) + 1 + 5.
13
Calculate (-2 - -13) + -1 - -3.
13
-6 + 18 - ((44 - -4) + -8 + 5)
-33
Evaluate 38 + -23 - (-1 - (5 - (8 - 3))).
16
What is the value of -5 - 1 - (-10 + -1 + 2 + 7)?
-4
What is the value of 6 + 17 + -32 + -6 + 14?
-1
What is the value of 18 + -6 + 0 + 2 + -6?
8
Calculate -620 + 631 + (0 + 1 - 0) - -3.
15
Calculate -9 + -15 - -15 - -11.
2
What is the value of 19 - 7 - (-6 + (16 - 7))?
9
Evaluate 0 + (-2 - 0) - (-18 + -12 + 14).
14
What is -3 + (-4 - 1 - (3 + 12 + -13))?
-10
Evaluate (286 - 274) + (3 - 1) + -22.
-8
What is 4 - (2 - -15) - (12 + -10)?
-15
What is (-5 - (-7 - (-2 + 6 + -9))) + -8?
-11
What is the value of -8 - (-5 + (0 - -5) + -4 + -6)?
2
What is the value of (2 + (2 - 5) - 0) + (-20 - -15)?
-6
What is the value of -15 - (1 - (27 + -6))?
5
What is (0 - -2 - 15) + (2 - 10)?
-21
9 - (-10 - (-13 - 2))
4
1 + (11 - (-11 - -33))
-10
Calculate 1 + -49 + 27 + (18 - 27).
-30
(14 - (21 - 2)) + -9
-14
Evaluate 12 + -41 + 27 - 4.
-6
What is -29 - (-12 + -22) - -12?
17
What is the value of 15 - 3 - (-236 + 228)?
20
What is the value of (-2 - 14) + (-6 - (28 + -59))?
9
Evaluate -13 - (-42 + (23 - 9)).
15
What is the value of 25 + 3 + -1 + 2 + -12?
17
Calculate 12 + -4 + -2 - (-11 - -3 - -6).
8
What is the value of 18 + -29 + (21 + -5 - 4)?
1
What is the value of -28 + 39 + 0 + 13 + -1?
23
What is the value of (-1 - 0) + -1185 + 1167?
-19
What is (-3 + 4 - 16 - -13) + 18?
16
Calculate 42 + -1 - (-2 + -2 - (-107 + 97)).
35
Calculate (317 - 329) + (6 - -2).
-4
Calculate -60 + 65 + (1 + (-11 - 4) - -4).
-5
What is (-43 - 7) + 51 - (0 + (2 - 2))?
1
(100 - 88) + 0 + -2 + (-12 - -11)
9
What is 0 - (-18 + (35 - 4))?
-13
What is the value of 2 - (6 + (-10 - (-8 + -9 - 3)))?
-14
What is the value of -415 + 448 + -20 + 0?
13
Calculate -4 - ((26 - 34) + (-1 - -3)).
2
-8 - (-4 + 9 - (5 - -17)) - 2
7
297 - 300 - (-1 + -2 - 0 - -2)
-2
Calculate -29 + (17 - 15) - 0.
-27
What is (-5 - (4 + -4 - 1)) + 14 + -21?
-11
Calculate (-13 + -21 - -18) + -12.
-28
-13 + (46 - 7) - 31
-5
What is -7 + (17 - 7) + 1 + -6?
-2
What is the value of (-432 - -428) + -1 + -13?
-18
Evaluate -15 - (11 + -3 - 15).
-8
-28 + 5 + 147 + -121
3
Evaluate (-5 - -2) + 3 + (-12 - -12).
0
What is (14 - (-29 - -36)) + -27 + 1 + 1?
-18
-6 + 24 + -46 - 6
-34
-21 + 10 - (12 + (-7 - -4 - 2))
-18
What is the value of (11 - 2) + (0 + 4 - (-1 - -2))?
12
Calculate -48 + 25 + -4 + 15.
-12
Calculate (39 - (-24 + 22)) + -15.
26
(4 - -2 - -2) + -5 - (3 + -4)
4
What is the value of -2 + (-17 - -5 - -9 - -6)?
1
Evaluate -2 + (-20 - -37) - 22.
-7
(1 - 21) + (171 - 162)
-11
Evaluate (-17 - 0) + -17 + 28 - 7.
-13
What is -1 - (2 + -3 - -6)?
-6
Evaluate -30 + (-5 - (-43 - -4)).
4
What is the value of 3 + -5 + -24 + 32?
6
Evaluate 11 + -1 - (3 + -43 + 67).
-17
What is -7 + (13 - 1) + (5 - 10)?
0
-1 + 0 + 14 + -21
-8
0 + -9 - (7 - 8 - 9)
1
What is -6 + -4 + 8 + -15 + 6?
-11
What is the value of -1 - -23 - (502 + -491)?
11
What is (10 - -15 - 18) + -21?
-14
Evaluate (18 - (-18 + 45)) + 15.
6
What is -7 + (-5 + 8 - (9 - 15))?
2
What is the value of -5 + 13 + -8 + 5 + -8 + -18?
-21
What is (-8 - (11 + -15)) + 10 + -2 + 2?
6
What is the value of 23 - 19 - (-34 + -3 + 3)?
38
What is the value of -55 + 29 + 48 - 28?
-6
What is 1 + -4 + (138 - 166 - (-2 - 11))?
-18
Calculate 2 - (-12 + 21 + -17).
10
What is the value of 3 - (28 + -28 + (-4 - -8 - 9))?
8
What is the value of (2 - -5) + -7 + 0 + 6?
6
Evaluate -22 + -18 + (-17 - -53).
-4
0 + -7 + 6 - (11 - 3)
-9
What is 28 + -35 + -10 - -35?
18
Evaluate (-1 - -9) + (1 - 4) - (6 - 10).
9
16 - (30 - 11) - 0 - 5
-8
Evaluate (-21 - -6) + -7 + (-2 - -4) + -5.
-25
What is the value of 29 + -48 + 22 - 22?
-19
What is 37 + -49 + (-6 - -9) + -2 + 16?
5
Calculate 5 + -3 + -3 + (11 - -2).
12
12 + (1 + -2 + 0 - (18 - 18))
11
(3 - -7) + (-10 - 1)
-1
What is 12 + -14 + 5 - (7 - 3)?
-1
Evaluate 18 - (14 - (-28 - -29)).
5
What is the value of (2 - -18) + -20 + 11 + 8 + 4?
23
What is -62 + 23 + -8 - -39?
-8
What is the value of -11 + (-9 - (27 + -60))?
13
What is 25 + -4 + -18 - (3 + 2)?
-2
-20 + 2 + (32 - 18)
-4
What is the value of 4 + 0 + -8 + (-14 - -16) + -4?
-6
Calculate -40 + (40 - (33 - 25)).
-8
Evaluate -786 + 793 + (2 + -5 - (-2 + 0)).
6
Calculate 10 + 8 + -4 - 12.
2
Calculate 14 - (24 - (-19 - -21)).
-8
Evaluate (1 + -8 - -3) + 13 + 0 + 1.
10
Evaluate 62 + -51 + (3 - (-4 + -1)).
19
What is the value of -1 - -11 - (30 + -30)?
10
Evaluate (-1 + -1 - (-16 - -13)) + (-17 - 7).
-23
What is 1 + (2 + 3 + -5 - 0) + 5?
6
-19 + 19 - (-13 - 1)
14
Calculate -8 - (-7 + -7 + 10).
-4
What is -3 - (-1 + 0 + -12)?
10
Evaluate 13 + (-3 - 5 - 14).
-9
What is the value of 17 + -2 + (-467 - -452)?
0
What is the value of -11 + (1 + -30 - (-103 - -85))?
-22
(-3 - -13 - (12 + -11)) + 2
11
Calculate -14 - (0 - 1 - (-207 - -207)).
-13
-23 + -9 + 4 + -1 + 7 + -5
-27
What is 4 + -676 + 679 + -18 + (0 - 0)?
-11
Evaluate 11 + -18 + (16 - (14 - 4)).
-1
Evaluate (-14 - -5 - -9 - (-2 + -6)) + -20.
-12
Calculate -8 - (-13 + 7 + (0 - 3)).
1
Evaluate -183 + 178 - (-1 - 3).
-1
What is (-57 - (-6 - 12)) + 18?
-21
What is -4 - (-1 + 12 + -4) - 13?
-24
What is the value of -77 + 103 + (1 - -1 - -5 - 0)?
33
What is -7 + (-20 - (2 - 10)) - -9 - 11?
-21
What is 6 + -15 - 8 - -6?
-11
Calculate 12 + (1 - (12 - 2)) + 29.
32
What is -45 - (3 + -55) - (14 + 1)?
-8
What is the value of 0 + -1 - -7 - (261 + -252)?
-